isor of 374 and 12694.
22
Calculate the greatest common factor of 1242 and 6669.
27
Calculate the highest common divisor of 37787 and 841.
29
Calculate the greatest common divisor of 26115 and 10230.
15
What is the greatest common factor of 97734 and 806?
26
Calculate the highest common divisor of 11774 and 232.
58
What is the greatest common divisor of 7920 and 94590?
90
Calculate the highest common divisor of 10140 and 150.
30
What is the highest common divisor of 236 and 8083?
59
Calculate the greatest common factor of 1136 and 369626.
142
What is the highest common factor of 25434 and 3078?
162
Calculate the highest common divisor of 544330 and 290.
290
Calculate the highest common factor of 143610 and 210.
30
What is the greatest common factor of 204 and 832575?
51
What is the greatest common factor of 414 and 3780?
18
What is the greatest common factor of 28532 and 1372?
28
What is the highest common factor of 280 and 66480?
40
Calculate the highest common factor of 3402 and 3483.
81
Calculate the highest common divisor of 153 and 8585.
17
Calculate the greatest common divisor of 5327 and 567.
7
Calculate the highest common divisor of 69 and 84755.
23
What is the greatest common divisor of 16068932 and 22?
22
What is the highest common factor of 167468 and 8?
4
Calculate the greatest common divisor of 196875 and 126.
63
What is the highest common divisor of 5290 and 10810?
230
Calculate the greatest common divisor of 199 and 28.
1
What is the greatest common divisor of 1144002 and 6?
6
Calculate the highest common divisor of 1135550 and 130.
130
Calculate the highest common divisor of 76419 and 504.
63
What is the highest common divisor of 124952 and 128?
8
Calculate the highest common factor of 899 and 22785.
31
What is the greatest common factor of 28 and 6971664?
28
Calculate the highest common divisor of 1085 and 6713329.
217
What is the highest common factor of 7344 and 2880?
144
What is the highest common factor of 2208 and 45425?
23
What is the greatest common divisor of 307424 and 1478?
1478
What is the greatest common factor of 375408 and 396?
396
What is the highest common factor of 39449 and 206?
103
Calculate the highest common divisor of 6596864 and 73.
73
What is the highest common factor of 1326 and 30294?
102
Calculate the greatest common divisor of 18 and 26154.
18
Calculate the highest common divisor of 72 and 6174.
18
What is the highest common divisor of 114253 and 793?
61
Calculate the highest common divisor of 58356 and 36.
36
Calculate the greatest common factor of 646459 and 4675.
187
What is the greatest common divisor of 20610 and 480?
30
Calculate the greatest common factor of 1479564 and 9.
9
Calculate the highest common factor of 10006 and 4.
2
Calculate the highest common factor of 19547 and 11.
11
Calculate the greatest common factor of 3252 and 24.
12
What is the highest common factor of 4696 and 16?
8
Calculate the greatest common factor of 6741 and 5029.
107
What is the highest common divisor of 95 and 18734?
19
What is the greatest common divisor of 32 and 804464?
16
What is the highest common divisor of 445 and 243771?
89
Calculate the highest common factor of 55 and 133012.
11
What is the greatest common divisor of 39683 and 973?
7
Calculate the highest common factor of 498 and 314238.
498
What is the greatest common factor of 1875 and 33?
3
What is the highest common factor of 88872 and 16399?
529
What is the highest common divisor of 2328 and 32064?
24
What is the highest common factor of 7760 and 40640?
80
Calculate the greatest common divisor of 14868 and 1947.
177
Calculate the highest common divisor of 1718 and 2.
2
What is the greatest common divisor of 74 and 302734?
74
What is the highest common factor of 96 and 22728?
24
Calculate the highest common divisor of 244 and 4.
4
Calculate the greatest common divisor of 35430 and 690.
30
What is the greatest common factor of 946 and 6?
2
Calculate the greatest common divisor of 91 and 26221.
13
Calculate the greatest common factor of 44 and 2038.
2
Calculate the greatest common factor of 20 and 51890.
10
What is the greatest common factor of 128 and 389216?
32
What is the greatest common divisor of 184 and 2300?
92
What is the greatest common factor of 1140 and 916218?
114
Calculate the greatest common factor of 114218 and 764.
382
Calculate the greatest common factor of 77753 and 26.
13
What is the greatest common factor of 5205558 and 174?
174
Calculate the greatest common factor of 72 and 526104.
72
What is the greatest common divisor of 143 and 710281?
143
What is the highest common divisor of 4028 and 8436?
76
What is the greatest common factor of 1530434 and 1816?
454
What is the greatest common factor of 6180 and 1133?
103
Calculate the greatest common factor of 103 and 21939.
103
Calculate the highest common divisor of 39 and 27989.
13
Calculate the highest common divisor of 11712 and 37576.
488
What is the highest common divisor of 18176489 and 2993?
2993
What is the greatest common factor of 22518 and 18?
18
Calculate the greatest common divisor of 883 and 6157159.
883
What is the greatest common divisor of 997 and 1?
1
What is the greatest common divisor of 563166 and 162?
54
What is the highest common factor of 204 and 1153688?
68
Calculate the greatest common factor of 644 and 420164.
92
Calculate the greatest common factor of 524595 and 30.
15
Calculate the greatest common factor of 17 and 51323.
17
Calculate the greatest common divisor of 4953 and 155067.
381
Calculate the highest common factor of 167681 and 73.
73
Calculate the highest common factor of 6422 and 208.
26
What is the greatest common factor of 9238 and 338230?
298
What is the greatest common factor of 2177 and 45406?
311
What is the greatest common factor of 16080 and 1000?
40
Calculate the highest common divisor of 395 and 218040.
395
Calculate the highest common divisor of 7949970 and 630.
630
Calculate the greatest common factor of 116 and 217964.
116
What is the highest common factor of 138 and 996?
6
Calculate the greatest common factor of 738 and 370312.
82
Calculate the greatest common divisor of 64806 and 336.
42
What is the highest common divisor of 810 and 268515?
405
Calculate the greatest common divisor of 861 and 23534.
287
What is the greatest common divisor of 285 and 139555?
95
What is the highest common factor of 54737 and 1905?
127
Calculate the greatest common divisor of 75733 and 31.
31
What is the greatest common factor of 171 and 156731?
19
What is the greatest common divisor of 64053 and 3465?
99
Calculate the highest common factor of 26 and 319137.
13
Calculate the highest common divisor of 32967 and 108.
27
Calculate the highest common divisor of 108639 and 36.
9
Calculate the greatest common factor of 105 and 142180.
5
Calculate the greatest common divisor of 300 and 901350.
150
What is the highest common divisor of 126660 and 180?
60
What is the greatest common factor of 2279 and 4472?
43
Calculate the highest common factor of 76 and 1479264.
76
What is the greatest common factor of 3843 and 144?
9
What is the highest common factor of 32 and 11488?
32
What is the greatest common divisor of 2629 and 4664?
11
Calculate the highest common factor of 1402770 and 456.
114
What is the highest common divisor of 3204 and 2952?
36
What is the highest common factor of 35613 and 135?
27
Calculate the greatest common divisor of 139355 and 846.
47
Calculate the highest common divisor of 352 and 102784.
352
Calculate the greatest common divisor of 102 and 7350.
6
Calculate the greatest common divisor of 11 and 1476497.
11
Calculate the greatest common factor of 36315 and 30.
15
What is the greatest common divisor of 417772 and 33212?
1748
What is the highest common divisor of 5 and 23801?
1
What is the highest common factor of 328440 and 280?
280
Calculate the highest common divisor of 527 and 3349.
17
What is the highest common factor of 1529 and 28495?
139
What is the highest common factor of 2210 and 8970?
130
Calculate the greatest common divisor of 64059 and 131.
131
What is the greatest common divisor of 11162592 and 226?
226
Calculate the greatest common divisor of 15 and 111100.
5
What is the greatest common factor of 621696 and 1344?
192
Calcul